{"id":8002,"date":"2025-06-02T10:03:51","date_gmt":"2025-06-02T08:03:51","guid":{"rendered":"https:\/\/formee.es\/?page_id=8002"},"modified":"2025-08-28T12:25:30","modified_gmt":"2025-08-28T10:25:30","slug":"montaje","status":"publish","type":"page","link":"https:\/\/formee.es\/index.php\/montaje\/","title":{"rendered":"Montaje"},"content":{"rendered":"\t\t<div data-elementor-type=\"wp-page\" data-elementor-id=\"8002\" class=\"elementor elementor-8002\">\n\t\t\t\t\t\t<section class=\"elementor-section elementor-top-section elementor-element elementor-element-4902ee8b elementor-section-height-min-height elementor-section-boxed elementor-section-height-default elementor-section-items-middle\" data-id=\"4902ee8b\" data-element_type=\"section\" data-settings=\"{&quot;background_background&quot;:&quot;classic&quot;}\">\n\t\t\t\t\t\t\t<div class=\"elementor-background-overlay\"><\/div>\n\t\t\t\t\t\t\t<div class=\"elementor-container elementor-column-gap-extended\">\n\t\t\t\t\t<div class=\"elementor-column elementor-col-100 elementor-top-column elementor-element elementor-element-7f87ba1e\" data-id=\"7f87ba1e\" data-element_type=\"column\">\n\t\t\t<div class=\"elementor-widget-wrap elementor-element-populated\">\n\t\t\t\t<div class=\"elementor-element elementor-element-391addb9 e-con-full e-flex e-con e-parent\" data-id=\"391addb9\" data-element_type=\"container\">\n\t\t<div class=\"elementor-element elementor-element-75b5e19b e-con-full e-flex e-con e-child\" data-id=\"75b5e19b\" data-element_type=\"container\">\n\t\t\t\t<div class=\"elementor-element elementor-element-755b18a4 elementor-widget__width-initial elementor-widget elementor-widget-heading\" data-id=\"755b18a4\" data-element_type=\"widget\" data-widget_type=\"heading.default\">\n\t\t\t\t<div class=\"elementor-widget-container\">\n\t\t\t\t\t<h1 class=\"elementor-heading-title elementor-size-default\"><h1>\n<strong style=\"color: white;font-size: 40px\">\nMontaje<\/strong><br>\n<span style=\"color: #D3EC28\">\nde elementos prefabricados de hormig\u00f3n y hormig\u00f3n de arcilla expandida<\/span><\/h1><\/h1>\t\t\t\t<\/div>\n\t\t\t\t<\/div>\n\t\t<div class=\"elementor-element elementor-element-52396d21 e-flex e-con-boxed e-con e-child\" data-id=\"52396d21\" data-element_type=\"container\">\n\t\t\t\t\t<div class=\"e-con-inner\">\n\t\t\t\t<div class=\"elementor-element elementor-element-539a33f2 elementor-widget elementor-widget-button\" data-id=\"539a33f2\" data-element_type=\"widget\" data-widget_type=\"button.default\">\n\t\t\t\t<div class=\"elementor-widget-container\">\n\t\t\t\t\t\t\t\t\t<div class=\"elementor-button-wrapper\">\n\t\t\t\t\t<a class=\"elementor-button elementor-button-link elementor-size-sm\" href=\"tel:+34%20613%2029%2093%2014\u00a0\">\n\t\t\t\t\t\t<span class=\"elementor-button-content-wrapper\">\n\t\t\t\t\t\t<span class=\"elementor-button-icon\">\n\t\t\t\t<svg aria-hidden=\"true\" class=\"e-font-icon-svg e-fab-rocketchat\" viewBox=\"0 0 576 512\" xmlns=\"http:\/\/www.w3.org\/2000\/svg\"><path d=\"M284.046,224.8a34.114,34.114,0,1,0,34.317,34.113A34.217,34.217,0,0,0,284.046,224.8Zm-110.45,0a34.114,34.114,0,1,0,34.317,34.113A34.217,34.217,0,0,0,173.6,224.8Zm220.923,0a34.114,34.114,0,1,0,34.317,34.113A34.215,34.215,0,0,0,394.519,224.8Zm153.807-55.319c-15.535-24.172-37.31-45.57-64.681-63.618-52.886-34.817-122.374-54-195.666-54a405.975,405.975,0,0,0-72.032,6.357,238.524,238.524,0,0,0-49.51-36.588C99.684-11.7,40.859.711,11.135,11.421A14.291,14.291,0,0,0,5.58,34.782C26.542,56.458,61.222,99.3,52.7,138.252c-33.142,33.9-51.112,74.776-51.112,117.337,0,43.372,17.97,84.248,51.112,118.148,8.526,38.956-26.154,81.816-47.116,103.491a14.284,14.284,0,0,0,5.555,23.34c29.724,10.709,88.549,23.147,155.324-10.2a238.679,238.679,0,0,0,49.51-36.589A405.972,405.972,0,0,0,288,460.14c73.313,0,142.8-19.159,195.667-53.975,27.371-18.049,49.145-39.426,64.679-63.619,17.309-26.923,26.07-55.916,26.07-86.125C574.394,225.4,565.634,196.43,548.326,169.485ZM284.987,409.9a345.65,345.65,0,0,1-89.446-11.5l-20.129,19.393a184.366,184.366,0,0,1-37.138,27.585,145.767,145.767,0,0,1-52.522,14.87c.983-1.771,1.881-3.563,2.842-5.356q30.258-55.68,16.325-100.078c-32.992-25.962-52.778-59.2-52.778-95.4,0-83.1,104.254-150.469,232.846-150.469s232.867,67.373,232.867,150.469C517.854,342.525,413.6,409.9,284.987,409.9Z\"><\/path><\/svg>\t\t\t<\/span>\n\t\t\t\t\t\t\t\t\t<span class=\"elementor-button-text\">+34 613 29 93 14\u00a0<\/span>\n\t\t\t\t\t<\/span>\n\t\t\t\t\t<\/a>\n\t\t\t\t<\/div>\n\t\t\t\t\t\t\t\t<\/div>\n\t\t\t\t<\/div>\n\t\t\t\t\t<\/div>\n\t\t\t\t<\/div>\n\t\t\t\t<\/div>\n\t\t\t\t<\/div>\n\t\t\t\t\t<\/div>\n\t\t<\/div>\n\t\t\t\t\t<\/div>\n\t\t<\/section>\n\t\t<div class=\"elementor-element elementor-element-5fd63bfd e-flex e-con-boxed e-con e-parent\" data-id=\"5fd63bfd\" data-element_type=\"container\">\n\t\t\t\t\t<div class=\"e-con-inner\">\n\t\t<div class=\"elementor-element elementor-element-481b6543 e-con-full e-flex e-con e-child\" data-id=\"481b6543\" data-element_type=\"container\">\n\t\t\t\t<div class=\"elementor-element elementor-element-2b05b079 elementor-widget elementor-widget-image\" data-id=\"2b05b079\" data-element_type=\"widget\" data-widget_type=\"image.default\">\n\t\t\t\t<div class=\"elementor-widget-container\">\n\t\t\t\t\t\t\t\t\t\t\t\t\t\t\t<img decoding=\"async\" src=\"https:\/\/formee.es\/wp-content\/uploads\/elementor\/thumbs\/dalej-r6f1b61hhj5gbdm1dcreae4zf4i4lj2o80xkl64lj4.png\" title=\"dalej.png\" alt=\"dalej.png\" loading=\"lazy\" \/>\t\t\t\t\t\t\t\t\t\t\t\t\t\t\t<\/div>\n\t\t\t\t<\/div>\n\t\t\t\t<\/div>\n\t\t<div class=\"elementor-element elementor-element-726c0c71 e-flex e-con-boxed e-con e-child\" data-id=\"726c0c71\" data-element_type=\"container\">\n\t\t\t\t\t<div class=\"e-con-inner\">\n\t\t\t\t<div class=\"elementor-element elementor-element-3eda09f8 elementor-widget__width-initial elementor-widget elementor-widget-text-editor\" data-id=\"3eda09f8\" data-element_type=\"widget\" data-widget_type=\"text-editor.default\">\n\t\t\t\t<div class=\"elementor-widget-container\">\n\t\t\t\t\t\t\t\t\t<p>El montaje de elementos prefabricados es una de las fases clave de la construcci\u00f3n que requiere los conocimientos y la experiencia de los contratistas especializados en este campo. Este proceso compensa los trabajos de construcci\u00f3n dif\u00edciles, reduciendo el tiempo del proyecto y aumentando la precisi\u00f3n y la calidad. La prefabricaci\u00f3n tiene muchas ventajas, como el m\u00e1ximo potencial de utilizaci\u00f3n y la posibilidad de lograr un resultado final perfecto. Al elegir este m\u00e9todo de construcci\u00f3n, puede reducir el coste y el tiempo necesarios para terminar un edificio. Optar por el montaje de elementos prefabricados repercute positivamente en el impacto global del proyecto, y el efecto de la obra puede apreciarse casi de inmediato. Por lo tanto, utilizar elementos prefabricados es una de las mejores formas de conseguir una soluci\u00f3n de construcci\u00f3n r\u00e1pida y precisa.<\/p>\t\t\t\t\t\t\t\t<\/div>\n\t\t\t\t<\/div>\n\t\t\t\t\t<\/div>\n\t\t\t\t<\/div>\n\t\t<div class=\"elementor-element elementor-element-173d6c7f e-flex e-con-boxed e-con e-child\" data-id=\"173d6c7f\" data-element_type=\"container\">\n\t\t\t\t\t<div class=\"e-con-inner\">\n\t\t\t\t<div class=\"elementor-element elementor-element-57205ed2 elementor-widget elementor-widget-image\" data-id=\"57205ed2\" data-element_type=\"widget\" data-widget_type=\"image.default\">\n\t\t\t\t<div class=\"elementor-widget-container\">\n\t\t\t\t\t\t\t\t\t\t\t\t\t\t\t<img decoding=\"async\" src=\"https:\/\/formee.es\/wp-content\/uploads\/elementor\/thumbs\/PHOTO-2022-08-29-18-05-101-r6pgnfapamcql8fi6mno7golfk55urvq3ps0oihy14.jpg\" title=\"PHOTO-2022-08-29-18-05-101.jpg\" alt=\"PHOTO-2022-08-29-18-05-101.jpg\" loading=\"lazy\" \/>\t\t\t\t\t\t\t\t\t\t\t\t\t\t\t<\/div>\n\t\t\t\t<\/div>\n\t\t\t\t\t<\/div>\n\t\t\t\t<\/div>\n\t\t\t\t\t<\/div>\n\t\t\t\t<\/div>\n\t\t<div class=\"elementor-element elementor-element-16fe18f8 e-con-full e-flex e-con e-parent\" data-id=\"16fe18f8\" data-element_type=\"container\" data-settings=\"{&quot;background_background&quot;:&quot;classic&quot;}\">\n\t\t<div class=\"elementor-element elementor-element-5fa43825 e-con-full e-flex e-con e-child\" data-id=\"5fa43825\" data-element_type=\"container\">\n\t\t\t\t<\/div>\n\t\t<div class=\"elementor-element elementor-element-1e9d2900 e-flex e-con-boxed e-con e-child\" data-id=\"1e9d2900\" data-element_type=\"container\">\n\t\t\t\t\t<div class=\"e-con-inner\">\n\t\t\t\t<div class=\"elementor-element elementor-element-5d6eed03 elementor-widget__width-initial elementor-widget elementor-widget-text-editor\" data-id=\"5d6eed03\" data-element_type=\"widget\" data-widget_type=\"text-editor.default\">\n\t\t\t\t<div class=\"elementor-widget-container\">\n\t\t\t\t\t\t\t\t\t<h3>Un montaje bien hecho da satisfacci\u00f3n por el trabajo realizado<\/h3>\n<h3><\/h3>\t\t\t\t\t\t\t\t<\/div>\n\t\t\t\t<\/div>\n\t\t\t\t\t<\/div>\n\t\t\t\t<\/div>\n\t\t\t\t<\/div>\n\t\t<div class=\"elementor-element elementor-element-898597 e-flex e-con-boxed e-con e-parent\" data-id=\"898597\" data-element_type=\"container\">\n\t\t\t\t\t<div class=\"e-con-inner\">\n\t\t<div class=\"elementor-element elementor-element-2ab0b364 e-con-full e-flex e-con e-child\" data-id=\"2ab0b364\" data-element_type=\"container\">\n\t\t\t\t<div class=\"elementor-element elementor-element-7b59502d elementor-widget elementor-widget-image\" data-id=\"7b59502d\" data-element_type=\"widget\" data-widget_type=\"image.default\">\n\t\t\t\t<div class=\"elementor-widget-container\">\n\t\t\t\t\t\t\t\t\t\t\t\t\t\t\t<img decoding=\"async\" src=\"https:\/\/formee.es\/wp-content\/uploads\/elementor\/thumbs\/dalej-r6f1b61hhj5gbdm1dcreae4zf4i4lj2o80xkl64lj4.png\" title=\"dalej.png\" alt=\"dalej.png\" loading=\"lazy\" \/>\t\t\t\t\t\t\t\t\t\t\t\t\t\t\t<\/div>\n\t\t\t\t<\/div>\n\t\t\t\t<\/div>\n\t\t<div class=\"elementor-element elementor-element-226f4aa9 e-flex e-con-boxed e-con e-child\" data-id=\"226f4aa9\" data-element_type=\"container\">\n\t\t\t\t\t<div class=\"e-con-inner\">\n\t\t\t\t<div class=\"elementor-element elementor-element-50379356 elementor-widget elementor-widget-text-editor\" data-id=\"50379356\" data-element_type=\"widget\" data-widget_type=\"text-editor.default\">\n\t\t\t\t<div class=\"elementor-widget-container\">\n\t\t\t\t\t\t\t\t\t<p>Nuestros equipos de montaje especializados realizan su trabajo con rapidez y profesionalidad, seg\u00fan el calendario previsto. El montaje con prefabricaci\u00f3n no requiere grandes instalaciones auxiliares, ya que un cami\u00f3n lleva los elementos prefabricados a la obra, desde donde los trabajadores se ponen a trabajar f\u00e1cilmente.<\/p><p>La prefabricaci\u00f3n tambi\u00e9n tiene la ventaja de que los trabajos de montaje pueden realizarse en invierno, incluso a temperaturas bajo cero. Antes de montar los elementos prefabricados, se nivela la losa de cimentaci\u00f3n con cu\u00f1as de retenci\u00f3n. A continuaci\u00f3n, se aplica la mezcla de hormig\u00f3n para que se extruya despu\u00e9s de colocar el elemento sobre las calzas. El elemento se nivela y ancla con soportes especiales. El \u00faltimo paso consiste en rellenar con mortero de hormig\u00f3n los cierres que unen los elementos.<\/p>\t\t\t\t\t\t\t\t<\/div>\n\t\t\t\t<\/div>\n\t\t\t\t\t<\/div>\n\t\t\t\t<\/div>\n\t\t<div class=\"elementor-element elementor-element-20bf08dd e-flex e-con-boxed e-con e-child\" data-id=\"20bf08dd\" data-element_type=\"container\">\n\t\t\t\t\t<div class=\"e-con-inner\">\n\t\t\t\t<div class=\"elementor-element elementor-element-ec82cd8 elementor-widget__width-initial elementor-widget elementor-widget-image\" data-id=\"ec82cd8\" data-element_type=\"widget\" data-widget_type=\"image.default\">\n\t\t\t\t<div class=\"elementor-widget-container\">\n\t\t\t\t\t\t\t\t\t\t\t\t\t\t\t<img decoding=\"async\" src=\"https:\/\/formee.es\/wp-content\/uploads\/elementor\/thumbs\/PHOTO-2022-08-29-18-05-1210-r6pgng8jhge0wue5152aryg20y0j2gzgfufi5sgjuw.jpg\" title=\"PHOTO-2022-08-29-18-05-1210.jpg\" alt=\"PHOTO-2022-08-29-18-05-1210.jpg\" loading=\"lazy\" \/>\t\t\t\t\t\t\t\t\t\t\t\t\t\t\t<\/div>\n\t\t\t\t<\/div>\n\t\t\t\t\t<\/div>\n\t\t\t\t<\/div>\n\t\t\t\t\t<\/div>\n\t\t\t\t<\/div>\n\t\t\t\t<\/div>\n\t\t","protected":false},"excerpt":{"rendered":"<p>Montaje de elementos prefabricados de hormig\u00f3n y hormig\u00f3n de arcilla expandida +34 613 29 93 14\u00a0 El montaje de elementos prefabricados es una de las fases clave de la construcci\u00f3n que requiere los conocimientos y la experiencia de los contratistas especializados en este campo. Este proceso compensa los trabajos de construcci\u00f3n dif\u00edciles, reduciendo el tiempo [&hellip;]<\/p>\n","protected":false},"author":1,"featured_media":0,"parent":0,"menu_order":0,"comment_status":"closed","ping_status":"closed","template":"","meta":{"footnotes":""},"class_list":["post-8002","page","type-page","status-publish","hentry"],"yoast_head":"<!-- This site is optimized with the Yoast SEO plugin v25.8 - https:\/\/yoast.com\/wordpress\/plugins\/seo\/ -->\n<title>Montaje - Formee<\/title>\n<meta name=\"robots\" content=\"index, follow, max-snippet:-1, max-image-preview:large, max-video-preview:-1\" \/>\n<link rel=\"canonical\" href=\"https:\/\/formee.es\/index.php\/montaje\/\" \/>\n<meta property=\"og:locale\" content=\"pl_PL\" \/>\n<meta property=\"og:type\" content=\"article\" \/>\n<meta property=\"og:title\" content=\"Montaje - Formee\" \/>\n<meta property=\"og:description\" content=\"Montaje de elementos prefabricados de hormig\u00f3n y hormig\u00f3n de arcilla expandida +34 613 29 93 14\u00a0 El montaje de elementos prefabricados es una de las fases clave de la construcci\u00f3n que requiere los conocimientos y la experiencia de los contratistas especializados en este campo. Este proceso compensa los trabajos de construcci\u00f3n dif\u00edciles, reduciendo el tiempo [&hellip;]\" \/>\n<meta property=\"og:url\" content=\"https:\/\/formee.es\/index.php\/montaje\/\" \/>\n<meta property=\"og:site_name\" content=\"Formee\" \/>\n<meta property=\"article:modified_time\" content=\"2025-08-28T10:25:30+00:00\" \/>\n<meta property=\"og:image\" content=\"https:\/\/formee.es\/wp-content\/uploads\/elementor\/thumbs\/dalej-r6f1b61hhj5gbdm1dcreae4zf4i4lj2o80xkl64lj4.png\" \/>\n<meta name=\"twitter:card\" content=\"summary_large_image\" \/>\n<meta name=\"twitter:label1\" content=\"Szacowany czas czytania\" \/>\n\t<meta name=\"twitter:data1\" content=\"3 minuty\" \/>\n<script type=\"application\/ld+json\" class=\"yoast-schema-graph\">{\"@context\":\"https:\/\/schema.org\",\"@graph\":[{\"@type\":\"WebPage\",\"@id\":\"https:\/\/formee.es\/index.php\/montaje\/\",\"url\":\"https:\/\/formee.es\/index.php\/montaje\/\",\"name\":\"Montaje - Formee\",\"isPartOf\":{\"@id\":\"https:\/\/formee.es\/#website\"},\"primaryImageOfPage\":{\"@id\":\"https:\/\/formee.es\/index.php\/montaje\/#primaryimage\"},\"image\":{\"@id\":\"https:\/\/formee.es\/index.php\/montaje\/#primaryimage\"},\"thumbnailUrl\":\"https:\/\/formee.es\/wp-content\/uploads\/elementor\/thumbs\/dalej-r6f1b61hhj5gbdm1dcreae4zf4i4lj2o80xkl64lj4.png\",\"datePublished\":\"2025-06-02T08:03:51+00:00\",\"dateModified\":\"2025-08-28T10:25:30+00:00\",\"breadcrumb\":{\"@id\":\"https:\/\/formee.es\/index.php\/montaje\/#breadcrumb\"},\"inLanguage\":\"pl-PL\",\"potentialAction\":[{\"@type\":\"ReadAction\",\"target\":[\"https:\/\/formee.es\/index.php\/montaje\/\"]}]},{\"@type\":\"ImageObject\",\"inLanguage\":\"pl-PL\",\"@id\":\"https:\/\/formee.es\/index.php\/montaje\/#primaryimage\",\"url\":\"https:\/\/formee.es\/wp-content\/uploads\/elementor\/thumbs\/dalej-r6f1b61hhj5gbdm1dcreae4zf4i4lj2o80xkl64lj4.png\",\"contentUrl\":\"https:\/\/formee.es\/wp-content\/uploads\/elementor\/thumbs\/dalej-r6f1b61hhj5gbdm1dcreae4zf4i4lj2o80xkl64lj4.png\"},{\"@type\":\"BreadcrumbList\",\"@id\":\"https:\/\/formee.es\/index.php\/montaje\/#breadcrumb\",\"itemListElement\":[{\"@type\":\"ListItem\",\"position\":1,\"name\":\"Strona g\u0142\u00f3wna\",\"item\":\"https:\/\/formee.es\/\"},{\"@type\":\"ListItem\",\"position\":2,\"name\":\"Montaje\"}]},{\"@type\":\"WebSite\",\"@id\":\"https:\/\/formee.es\/#website\",\"url\":\"https:\/\/formee.es\/\",\"name\":\"Formee\",\"description\":\"\",\"publisher\":{\"@id\":\"https:\/\/formee.es\/#organization\"},\"potentialAction\":[{\"@type\":\"SearchAction\",\"target\":{\"@type\":\"EntryPoint\",\"urlTemplate\":\"https:\/\/formee.es\/?s={search_term_string}\"},\"query-input\":{\"@type\":\"PropertyValueSpecification\",\"valueRequired\":true,\"valueName\":\"search_term_string\"}}],\"inLanguage\":\"pl-PL\"},{\"@type\":\"Organization\",\"@id\":\"https:\/\/formee.es\/#organization\",\"name\":\"Formee\",\"url\":\"https:\/\/formee.es\/\",\"logo\":{\"@type\":\"ImageObject\",\"inLanguage\":\"pl-PL\",\"@id\":\"https:\/\/formee.es\/#\/schema\/logo\/image\/\",\"url\":\"https:\/\/formee.es\/wp-content\/uploads\/2025\/05\/FORMEE_LOGOTYPE_RGB_FORMEE_signet.png\",\"contentUrl\":\"https:\/\/formee.es\/wp-content\/uploads\/2025\/05\/FORMEE_LOGOTYPE_RGB_FORMEE_signet.png\",\"width\":1178,\"height\":1156,\"caption\":\"Formee\"},\"image\":{\"@id\":\"https:\/\/formee.es\/#\/schema\/logo\/image\/\"}}]}<\/script>\n<!-- \/ Yoast SEO plugin. -->","yoast_head_json":{"title":"Montaje - Formee","robots":{"index":"index","follow":"follow","max-snippet":"max-snippet:-1","max-image-preview":"max-image-preview:large","max-video-preview":"max-video-preview:-1"},"canonical":"https:\/\/formee.es\/index.php\/montaje\/","og_locale":"pl_PL","og_type":"article","og_title":"Montaje - Formee","og_description":"Montaje de elementos prefabricados de hormig\u00f3n y hormig\u00f3n de arcilla expandida +34 613 29 93 14\u00a0 El montaje de elementos prefabricados es una de las fases clave de la construcci\u00f3n que requiere los conocimientos y la experiencia de los contratistas especializados en este campo. Este proceso compensa los trabajos de construcci\u00f3n dif\u00edciles, reduciendo el tiempo [&hellip;]","og_url":"https:\/\/formee.es\/index.php\/montaje\/","og_site_name":"Formee","article_modified_time":"2025-08-28T10:25:30+00:00","og_image":[{"url":"https:\/\/formee.es\/wp-content\/uploads\/elementor\/thumbs\/dalej-r6f1b61hhj5gbdm1dcreae4zf4i4lj2o80xkl64lj4.png","type":"","width":"","height":""}],"twitter_card":"summary_large_image","twitter_misc":{"Szacowany czas czytania":"3 minuty"},"schema":{"@context":"https:\/\/schema.org","@graph":[{"@type":"WebPage","@id":"https:\/\/formee.es\/index.php\/montaje\/","url":"https:\/\/formee.es\/index.php\/montaje\/","name":"Montaje - Formee","isPartOf":{"@id":"https:\/\/formee.es\/#website"},"primaryImageOfPage":{"@id":"https:\/\/formee.es\/index.php\/montaje\/#primaryimage"},"image":{"@id":"https:\/\/formee.es\/index.php\/montaje\/#primaryimage"},"thumbnailUrl":"https:\/\/formee.es\/wp-content\/uploads\/elementor\/thumbs\/dalej-r6f1b61hhj5gbdm1dcreae4zf4i4lj2o80xkl64lj4.png","datePublished":"2025-06-02T08:03:51+00:00","dateModified":"2025-08-28T10:25:30+00:00","breadcrumb":{"@id":"https:\/\/formee.es\/index.php\/montaje\/#breadcrumb"},"inLanguage":"pl-PL","potentialAction":[{"@type":"ReadAction","target":["https:\/\/formee.es\/index.php\/montaje\/"]}]},{"@type":"ImageObject","inLanguage":"pl-PL","@id":"https:\/\/formee.es\/index.php\/montaje\/#primaryimage","url":"https:\/\/formee.es\/wp-content\/uploads\/elementor\/thumbs\/dalej-r6f1b61hhj5gbdm1dcreae4zf4i4lj2o80xkl64lj4.png","contentUrl":"https:\/\/formee.es\/wp-content\/uploads\/elementor\/thumbs\/dalej-r6f1b61hhj5gbdm1dcreae4zf4i4lj2o80xkl64lj4.png"},{"@type":"BreadcrumbList","@id":"https:\/\/formee.es\/index.php\/montaje\/#breadcrumb","itemListElement":[{"@type":"ListItem","position":1,"name":"Strona g\u0142\u00f3wna","item":"https:\/\/formee.es\/"},{"@type":"ListItem","position":2,"name":"Montaje"}]},{"@type":"WebSite","@id":"https:\/\/formee.es\/#website","url":"https:\/\/formee.es\/","name":"Formee","description":"","publisher":{"@id":"https:\/\/formee.es\/#organization"},"potentialAction":[{"@type":"SearchAction","target":{"@type":"EntryPoint","urlTemplate":"https:\/\/formee.es\/?s={search_term_string}"},"query-input":{"@type":"PropertyValueSpecification","valueRequired":true,"valueName":"search_term_string"}}],"inLanguage":"pl-PL"},{"@type":"Organization","@id":"https:\/\/formee.es\/#organization","name":"Formee","url":"https:\/\/formee.es\/","logo":{"@type":"ImageObject","inLanguage":"pl-PL","@id":"https:\/\/formee.es\/#\/schema\/logo\/image\/","url":"https:\/\/formee.es\/wp-content\/uploads\/2025\/05\/FORMEE_LOGOTYPE_RGB_FORMEE_signet.png","contentUrl":"https:\/\/formee.es\/wp-content\/uploads\/2025\/05\/FORMEE_LOGOTYPE_RGB_FORMEE_signet.png","width":1178,"height":1156,"caption":"Formee"},"image":{"@id":"https:\/\/formee.es\/#\/schema\/logo\/image\/"}}]}},"_links":{"self":[{"href":"https:\/\/formee.es\/index.php\/wp-json\/wp\/v2\/pages\/8002","targetHints":{"allow":["GET"]}}],"collection":[{"href":"https:\/\/formee.es\/index.php\/wp-json\/wp\/v2\/pages"}],"about":[{"href":"https:\/\/formee.es\/index.php\/wp-json\/wp\/v2\/types\/page"}],"author":[{"embeddable":true,"href":"https:\/\/formee.es\/index.php\/wp-json\/wp\/v2\/users\/1"}],"replies":[{"embeddable":true,"href":"https:\/\/formee.es\/index.php\/wp-json\/wp\/v2\/comments?post=8002"}],"version-history":[{"count":14,"href":"https:\/\/formee.es\/index.php\/wp-json\/wp\/v2\/pages\/8002\/revisions"}],"predecessor-version":[{"id":8521,"href":"https:\/\/formee.es\/index.php\/wp-json\/wp\/v2\/pages\/8002\/revisions\/8521"}],"wp:attachment":[{"href":"https:\/\/formee.es\/index.php\/wp-json\/wp\/v2\/media?parent=8002"}],"curies":[{"name":"wp","href":"https:\/\/api.w.org\/{rel}","templated":true}]}}