{"id":8275,"date":"2025-06-04T09:08:11","date_gmt":"2025-06-04T07:08:11","guid":{"rendered":"https:\/\/formee.es\/?page_id=8275"},"modified":"2025-08-18T07:33:16","modified_gmt":"2025-08-18T05:33:16","slug":"superficies-de-los-elementos","status":"publish","type":"page","link":"https:\/\/formee.es\/index.php\/superficies-de-los-elementos\/","title":{"rendered":"Forjado tipo filigranaSuperficies de los elementosForjado tipo filigrana"},"content":{"rendered":"\t\t<div data-elementor-type=\"wp-page\" data-elementor-id=\"8275\" class=\"elementor elementor-8275\">\n\t\t\t\t\t\t<section class=\"elementor-section elementor-top-section elementor-element elementor-element-27938d74 elementor-section-boxed elementor-section-height-default elementor-section-height-default\" data-id=\"27938d74\" data-element_type=\"section\">\n\t\t\t\t\t\t<div class=\"elementor-container elementor-column-gap-default\">\n\t\t\t\t\t<div class=\"elementor-column elementor-col-100 elementor-top-column elementor-element elementor-element-41e2a70b\" data-id=\"41e2a70b\" data-element_type=\"column\">\n\t\t\t<div class=\"elementor-widget-wrap elementor-element-populated\">\n\t\t\t\t<div class=\"elementor-element elementor-element-51a49df2 e-con-full e-flex e-con e-parent\" data-id=\"51a49df2\" data-element_type=\"container\">\n\t\t<div class=\"elementor-element elementor-element-50c1db53 e-con-full e-flex e-con e-child\" data-id=\"50c1db53\" data-element_type=\"container\">\n\t\t<div class=\"elementor-element elementor-element-3fd77f5 e-con-full e-flex e-con e-child\" data-id=\"3fd77f5\" data-element_type=\"container\">\n\t\t\t\t<div class=\"elementor-element elementor-element-1c49ea4a elementor-widget elementor-widget-heading\" data-id=\"1c49ea4a\" data-element_type=\"widget\" data-widget_type=\"heading.default\">\n\t\t\t\t<div class=\"elementor-widget-container\">\n\t\t\t\t\t<h2 class=\"elementor-heading-title elementor-size-default\"><b>Superficies<\/b><br> de los elementos<\/h2>\t\t\t\t<\/div>\n\t\t\t\t<\/div>\n\t\t\t\t<\/div>\n\t\t<div class=\"elementor-element elementor-element-33499e98 e-con-full e-flex e-con e-child\" data-id=\"33499e98\" data-element_type=\"container\">\n\t\t<div class=\"elementor-element elementor-element-22266b60 e-con-full e-flex e-con e-child\" data-id=\"22266b60\" data-element_type=\"container\">\n\t\t<div class=\"elementor-element elementor-element-2a9f7c7a e-con-full e-flex e-con e-child\" data-id=\"2a9f7c7a\" data-element_type=\"container\">\n\t\t\t\t<div class=\"elementor-element elementor-element-3b269d20 elementor-hidden-mobile elementor-widget elementor-widget-image\" data-id=\"3b269d20\" data-element_type=\"widget\" data-widget_type=\"image.default\">\n\t\t\t\t<div class=\"elementor-widget-container\">\n\t\t\t\t\t\t\t\t\t\t\t\t\t\t\t<img decoding=\"async\" src=\"https:\/\/formee.es\/wp-content\/uploads\/elementor\/thumbs\/dalej-r6f1b61hhj5gbdm1dcreae4zf4i4lj2o80xkl64lj4.png\" title=\"dalej.png\" alt=\"dalej.png\" loading=\"lazy\" \/>\t\t\t\t\t\t\t\t\t\t\t\t\t\t\t<\/div>\n\t\t\t\t<\/div>\n\t\t\t\t<\/div>\n\t\t<div class=\"elementor-element elementor-element-671e4ad3 e-con-full e-flex e-con e-child\" data-id=\"671e4ad3\" data-element_type=\"container\">\n\t\t\t\t<div class=\"elementor-element elementor-element-3a0af7e elementor-widget__width-initial elementor-widget elementor-widget-text-editor\" data-id=\"3a0af7e\" data-element_type=\"widget\" data-widget_type=\"text-editor.default\">\n\t\t\t\t<div class=\"elementor-widget-container\">\n\t\t\t\t\t\t\t\t\tSi la cara de la pared permanece visible, el dise\u00f1o est\u00e1ndar prev\u00e9 su alisado. Por ello, se ha clasificado el m\u00e9todo de su fratasado o alisado. La siguiente informaci\u00f3n se refiere a los productos ofrecidos por nuestra empresa. Disposiciones generales:\n<ul>\n \t<li>la superficie para pintar requiere un tratamiento adicional;<\/li>\n \t<li>la superficie no est\u00e1 hecha de hormig\u00f3n arquitect\u00f3nico (visto) y, del lado del molde, corresponde a una superficie de clase SB2;<\/li>\n \t<li>se permite la aplicaci\u00f3n de capas de reparaci\u00f3n para realizar reparaciones o complementos.<\/li>\n<\/ul>\t\t\t\t\t\t\t\t<\/div>\n\t\t\t\t<\/div>\n\t\t\t\t<\/div>\n\t\t\t\t<\/div>\n\t\t<div class=\"elementor-element elementor-element-aecbca4 e-con-full e-flex e-con e-child\" data-id=\"aecbca4\" data-element_type=\"container\">\n\t\t<div class=\"elementor-element elementor-element-75ce97a0 e-con-full e-flex e-con e-child\" data-id=\"75ce97a0\" data-element_type=\"container\">\n\t\t\t\t<div class=\"elementor-element elementor-element-76761827 elementor-widget__width-initial elementor-widget elementor-widget-text-editor\" data-id=\"76761827\" data-element_type=\"widget\" data-widget_type=\"text-editor.default\">\n\t\t\t\t<div class=\"elementor-widget-container\">\n\t\t\t\t\t\t\t\t\t<h4><b>Superficie fratasada<\/b><\/h4>\nSuperficie t\u00edpica para la ejecuci\u00f3n de elementos exteriores. Es una superficie rugosa, fratasada de forma \u00e1spera con una fratasadora mec\u00e1nica. Son visibles las marcas causadas por el alisado de la superficie con la fratasadora mec\u00e1nica \u2013 inicios y transiciones del movimiento del disco. La estructura de la superficie no es uniforme. Debido al exceso de agua, es parcialmente visible la llamada &#8222;piel de naranja&#8221;.\t\t\t\t\t\t\t\t<\/div>\n\t\t\t\t<\/div>\n\t\t\t\t<\/div>\n\t\t\t\t<\/div>\n\t\t<div class=\"elementor-element elementor-element-3774a27b e-con-full e-flex e-con e-child\" data-id=\"3774a27b\" data-element_type=\"container\">\n\t\t<div class=\"elementor-element elementor-element-7670291a e-con-full e-flex e-con e-child\" data-id=\"7670291a\" data-element_type=\"container\" data-settings=\"{&quot;background_background&quot;:&quot;classic&quot;}\">\n\t\t\t\t<\/div>\n\t\t\t\t<\/div>\n\t\t<div class=\"elementor-element elementor-element-40d598f9 e-con-full e-flex e-con e-child\" data-id=\"40d598f9\" data-element_type=\"container\">\n\t\t<div class=\"elementor-element elementor-element-41ce54de e-con-full e-flex e-con e-child\" data-id=\"41ce54de\" data-element_type=\"container\">\n\t\t\t\t<div class=\"elementor-element elementor-element-6ab7a57a elementor-widget__width-initial elementor-widget elementor-widget-text-editor\" data-id=\"6ab7a57a\" data-element_type=\"widget\" data-widget_type=\"text-editor.default\">\n\t\t\t\t<div class=\"elementor-widget-container\">\n\t\t\t\t\t\t\t\t\t<h4> <b> Superficie alisada<\/b><\/h4>\nSuperficie t\u00edpica para la ejecuci\u00f3n de elementos interiores. Es una superficie fratasada con fratasadora mec\u00e1nica. Tiene una textura ligeramente rugosa, lisa y no uniforme. Son visibles peque\u00f1as marcas de la fratasadora mec\u00e1nica, producidas durante el proceso de alisado de la superficie. Su color es un gris no uniforme. Pueden aparecer manchas, vetas o rozaduras de la fratasadora \u2013 esto no es un defecto del elemento ni est\u00e1 sujeto a reparaci\u00f3n. La ondulaci\u00f3n de la superficie es de +\/- 5mm.\t\t\t\t\t\t\t\t<\/div>\n\t\t\t\t<\/div>\n\t\t\t\t<\/div>\n\t\t\t\t<\/div>\n\t\t<div class=\"elementor-element elementor-element-68c74673 e-con-full e-flex e-con e-child\" data-id=\"68c74673\" data-element_type=\"container\">\n\t\t<div class=\"elementor-element elementor-element-6252e3d e-con-full e-flex e-con e-child\" data-id=\"6252e3d\" data-element_type=\"container\" data-settings=\"{&quot;background_background&quot;:&quot;classic&quot;}\">\n\t\t\t\t<\/div>\n\t\t\t\t<\/div>\n\t\t<div class=\"elementor-element elementor-element-4c170736 e-con-full e-flex e-con e-child\" data-id=\"4c170736\" data-element_type=\"container\">\n\t\t<div class=\"elementor-element elementor-element-1540361a e-con-full e-flex e-con e-child\" data-id=\"1540361a\" data-element_type=\"container\">\n\t\t\t\t<div class=\"elementor-element elementor-element-34d58ea4 elementor-widget elementor-widget-text-editor\" data-id=\"34d58ea4\" data-element_type=\"widget\" data-widget_type=\"text-editor.default\">\n\t\t\t\t<div class=\"elementor-widget-container\">\n\t\t\t\t\t\t\t\t\t<h4><b>Superficie de hormig\u00f3n lavado (\u00e1rido visto)<\/b><\/h4>\nSuperficie t\u00edpica para la ejecuci\u00f3n de elementos de fachada, decorados con \u00e1rido (piedra) de r\u00edo\/lago. Es una superficie producida del lado del molde. Es posible que aparezcan diferentes tonalidades del \u00e1rido.\t\t\t\t\t\t\t\t<\/div>\n\t\t\t\t<\/div>\n\t\t\t\t<\/div>\n\t\t\t\t<\/div>\n\t\t<div class=\"elementor-element elementor-element-322b779f e-con-full e-flex e-con e-child\" data-id=\"322b779f\" data-element_type=\"container\">\n\t\t<div class=\"elementor-element elementor-element-36891e80 e-con-full e-flex e-con e-child\" data-id=\"36891e80\" data-element_type=\"container\" data-settings=\"{&quot;background_background&quot;:&quot;classic&quot;}\">\n\t\t\t\t<\/div>\n\t\t\t\t<\/div>\n\t\t<div class=\"elementor-element elementor-element-24dc788e e-con-full e-flex e-con e-child\" data-id=\"24dc788e\" data-element_type=\"container\">\n\t\t<div class=\"elementor-element elementor-element-147a6d39 e-con-full e-flex e-con e-child\" data-id=\"147a6d39\" data-element_type=\"container\">\n\t\t\t\t<div class=\"elementor-element elementor-element-378af2cb elementor-widget elementor-widget-text-editor\" data-id=\"378af2cb\" data-element_type=\"widget\" data-widget_type=\"text-editor.default\">\n\t\t\t\t<div class=\"elementor-widget-container\">\n\t\t\t\t\t\t\t\t\t<h4>Superf\u00edcie de bet\u00e3o lavado (inertes \u00e0 vista)<\/h4><p>Superf\u00edcie t\u00edpica para a execu\u00e7\u00e3o de elementos de fachada, decorados com inertes (pedra) de rio\/lago. \u00c9 uma superf\u00edcie obtida do lado da cofragem. Podem surgir diferentes tonalidades dos inertes.<\/p>\t\t\t\t\t\t\t\t<\/div>\n\t\t\t\t<\/div>\n\t\t\t\t<\/div>\n\t\t\t\t<\/div>\n\t\t<div class=\"elementor-element elementor-element-514151c4 e-con-full e-flex e-con e-child\" data-id=\"514151c4\" data-element_type=\"container\">\n\t\t<div class=\"elementor-element elementor-element-520bd38c e-con-full e-flex e-con e-child\" data-id=\"520bd38c\" data-element_type=\"container\" data-settings=\"{&quot;background_background&quot;:&quot;classic&quot;}\">\n\t\t\t\t<\/div>\n\t\t\t\t<\/div>\n\t\t\t\t<\/div>\n\t\t\t\t<\/div>\n\t\t\t\t<\/div>\n\t\t\t\t\t<\/div>\n\t\t<\/div>\n\t\t\t\t\t<\/div>\n\t\t<\/section>\n\t\t\t\t<\/div>\n\t\t","protected":false},"excerpt":{"rendered":"<p>Superficies de los elementos Si la cara de la pared permanece visible, el dise\u00f1o est\u00e1ndar prev\u00e9 su alisado. Por ello, se ha clasificado el m\u00e9todo de su fratasado o alisado. La siguiente informaci\u00f3n se refiere a los productos ofrecidos por nuestra empresa. Disposiciones generales: la superficie para pintar requiere un tratamiento adicional; la superficie no [&hellip;]<\/p>\n","protected":false},"author":1,"featured_media":0,"parent":0,"menu_order":0,"comment_status":"closed","ping_status":"closed","template":"","meta":{"footnotes":""},"class_list":["post-8275","page","type-page","status-publish","hentry"],"yoast_head":"<!-- This site is optimized with the Yoast SEO plugin v25.8 - https:\/\/yoast.com\/wordpress\/plugins\/seo\/ -->\n<title>Forjado tipo filigranaSuperficies de los elementosForjado tipo filigrana - Formee<\/title>\n<meta name=\"robots\" content=\"index, follow, max-snippet:-1, max-image-preview:large, max-video-preview:-1\" \/>\n<link rel=\"canonical\" href=\"https:\/\/formee.es\/index.php\/superficies-de-los-elementos\/\" \/>\n<meta property=\"og:locale\" content=\"pl_PL\" \/>\n<meta property=\"og:type\" content=\"article\" \/>\n<meta property=\"og:title\" content=\"Forjado tipo filigranaSuperficies de los elementosForjado tipo filigrana - Formee\" \/>\n<meta property=\"og:description\" content=\"Superficies de los elementos Si la cara de la pared permanece visible, el dise\u00f1o est\u00e1ndar prev\u00e9 su alisado. Por ello, se ha clasificado el m\u00e9todo de su fratasado o alisado. La siguiente informaci\u00f3n se refiere a los productos ofrecidos por nuestra empresa. Disposiciones generales: la superficie para pintar requiere un tratamiento adicional; la superficie no [&hellip;]\" \/>\n<meta property=\"og:url\" content=\"https:\/\/formee.es\/index.php\/superficies-de-los-elementos\/\" \/>\n<meta property=\"og:site_name\" content=\"Formee\" \/>\n<meta property=\"article:modified_time\" content=\"2025-08-18T05:33:16+00:00\" \/>\n<meta property=\"og:image\" content=\"https:\/\/formee.es\/wp-content\/uploads\/elementor\/thumbs\/dalej-r6f1b61hhj5gbdm1dcreae4zf4i4lj2o80xkl64lj4.png\" \/>\n<meta name=\"twitter:card\" content=\"summary_large_image\" \/>\n<meta name=\"twitter:label1\" content=\"Szacowany czas czytania\" \/>\n\t<meta name=\"twitter:data1\" content=\"2 minuty\" \/>\n<script type=\"application\/ld+json\" class=\"yoast-schema-graph\">{\"@context\":\"https:\/\/schema.org\",\"@graph\":[{\"@type\":\"WebPage\",\"@id\":\"https:\/\/formee.es\/index.php\/superficies-de-los-elementos\/\",\"url\":\"https:\/\/formee.es\/index.php\/superficies-de-los-elementos\/\",\"name\":\"Forjado tipo filigranaSuperficies de los elementosForjado tipo filigrana - Formee\",\"isPartOf\":{\"@id\":\"https:\/\/formee.es\/#website\"},\"primaryImageOfPage\":{\"@id\":\"https:\/\/formee.es\/index.php\/superficies-de-los-elementos\/#primaryimage\"},\"image\":{\"@id\":\"https:\/\/formee.es\/index.php\/superficies-de-los-elementos\/#primaryimage\"},\"thumbnailUrl\":\"https:\/\/formee.es\/wp-content\/uploads\/elementor\/thumbs\/dalej-r6f1b61hhj5gbdm1dcreae4zf4i4lj2o80xkl64lj4.png\",\"datePublished\":\"2025-06-04T07:08:11+00:00\",\"dateModified\":\"2025-08-18T05:33:16+00:00\",\"breadcrumb\":{\"@id\":\"https:\/\/formee.es\/index.php\/superficies-de-los-elementos\/#breadcrumb\"},\"inLanguage\":\"pl-PL\",\"potentialAction\":[{\"@type\":\"ReadAction\",\"target\":[\"https:\/\/formee.es\/index.php\/superficies-de-los-elementos\/\"]}]},{\"@type\":\"ImageObject\",\"inLanguage\":\"pl-PL\",\"@id\":\"https:\/\/formee.es\/index.php\/superficies-de-los-elementos\/#primaryimage\",\"url\":\"https:\/\/formee.es\/wp-content\/uploads\/elementor\/thumbs\/dalej-r6f1b61hhj5gbdm1dcreae4zf4i4lj2o80xkl64lj4.png\",\"contentUrl\":\"https:\/\/formee.es\/wp-content\/uploads\/elementor\/thumbs\/dalej-r6f1b61hhj5gbdm1dcreae4zf4i4lj2o80xkl64lj4.png\"},{\"@type\":\"BreadcrumbList\",\"@id\":\"https:\/\/formee.es\/index.php\/superficies-de-los-elementos\/#breadcrumb\",\"itemListElement\":[{\"@type\":\"ListItem\",\"position\":1,\"name\":\"Strona g\u0142\u00f3wna\",\"item\":\"https:\/\/formee.es\/\"},{\"@type\":\"ListItem\",\"position\":2,\"name\":\"Forjado tipo filigranaSuperficies de los elementosForjado tipo filigrana\"}]},{\"@type\":\"WebSite\",\"@id\":\"https:\/\/formee.es\/#website\",\"url\":\"https:\/\/formee.es\/\",\"name\":\"Formee\",\"description\":\"\",\"publisher\":{\"@id\":\"https:\/\/formee.es\/#organization\"},\"potentialAction\":[{\"@type\":\"SearchAction\",\"target\":{\"@type\":\"EntryPoint\",\"urlTemplate\":\"https:\/\/formee.es\/?s={search_term_string}\"},\"query-input\":{\"@type\":\"PropertyValueSpecification\",\"valueRequired\":true,\"valueName\":\"search_term_string\"}}],\"inLanguage\":\"pl-PL\"},{\"@type\":\"Organization\",\"@id\":\"https:\/\/formee.es\/#organization\",\"name\":\"Formee\",\"url\":\"https:\/\/formee.es\/\",\"logo\":{\"@type\":\"ImageObject\",\"inLanguage\":\"pl-PL\",\"@id\":\"https:\/\/formee.es\/#\/schema\/logo\/image\/\",\"url\":\"https:\/\/formee.es\/wp-content\/uploads\/2025\/05\/FORMEE_LOGOTYPE_RGB_FORMEE_signet.png\",\"contentUrl\":\"https:\/\/formee.es\/wp-content\/uploads\/2025\/05\/FORMEE_LOGOTYPE_RGB_FORMEE_signet.png\",\"width\":1178,\"height\":1156,\"caption\":\"Formee\"},\"image\":{\"@id\":\"https:\/\/formee.es\/#\/schema\/logo\/image\/\"}}]}<\/script>\n<!-- \/ Yoast SEO plugin. -->","yoast_head_json":{"title":"Forjado tipo filigranaSuperficies de los elementosForjado tipo filigrana - Formee","robots":{"index":"index","follow":"follow","max-snippet":"max-snippet:-1","max-image-preview":"max-image-preview:large","max-video-preview":"max-video-preview:-1"},"canonical":"https:\/\/formee.es\/index.php\/superficies-de-los-elementos\/","og_locale":"pl_PL","og_type":"article","og_title":"Forjado tipo filigranaSuperficies de los elementosForjado tipo filigrana - Formee","og_description":"Superficies de los elementos Si la cara de la pared permanece visible, el dise\u00f1o est\u00e1ndar prev\u00e9 su alisado. Por ello, se ha clasificado el m\u00e9todo de su fratasado o alisado. La siguiente informaci\u00f3n se refiere a los productos ofrecidos por nuestra empresa. Disposiciones generales: la superficie para pintar requiere un tratamiento adicional; la superficie no [&hellip;]","og_url":"https:\/\/formee.es\/index.php\/superficies-de-los-elementos\/","og_site_name":"Formee","article_modified_time":"2025-08-18T05:33:16+00:00","og_image":[{"url":"https:\/\/formee.es\/wp-content\/uploads\/elementor\/thumbs\/dalej-r6f1b61hhj5gbdm1dcreae4zf4i4lj2o80xkl64lj4.png","type":"","width":"","height":""}],"twitter_card":"summary_large_image","twitter_misc":{"Szacowany czas czytania":"2 minuty"},"schema":{"@context":"https:\/\/schema.org","@graph":[{"@type":"WebPage","@id":"https:\/\/formee.es\/index.php\/superficies-de-los-elementos\/","url":"https:\/\/formee.es\/index.php\/superficies-de-los-elementos\/","name":"Forjado tipo filigranaSuperficies de los elementosForjado tipo filigrana - Formee","isPartOf":{"@id":"https:\/\/formee.es\/#website"},"primaryImageOfPage":{"@id":"https:\/\/formee.es\/index.php\/superficies-de-los-elementos\/#primaryimage"},"image":{"@id":"https:\/\/formee.es\/index.php\/superficies-de-los-elementos\/#primaryimage"},"thumbnailUrl":"https:\/\/formee.es\/wp-content\/uploads\/elementor\/thumbs\/dalej-r6f1b61hhj5gbdm1dcreae4zf4i4lj2o80xkl64lj4.png","datePublished":"2025-06-04T07:08:11+00:00","dateModified":"2025-08-18T05:33:16+00:00","breadcrumb":{"@id":"https:\/\/formee.es\/index.php\/superficies-de-los-elementos\/#breadcrumb"},"inLanguage":"pl-PL","potentialAction":[{"@type":"ReadAction","target":["https:\/\/formee.es\/index.php\/superficies-de-los-elementos\/"]}]},{"@type":"ImageObject","inLanguage":"pl-PL","@id":"https:\/\/formee.es\/index.php\/superficies-de-los-elementos\/#primaryimage","url":"https:\/\/formee.es\/wp-content\/uploads\/elementor\/thumbs\/dalej-r6f1b61hhj5gbdm1dcreae4zf4i4lj2o80xkl64lj4.png","contentUrl":"https:\/\/formee.es\/wp-content\/uploads\/elementor\/thumbs\/dalej-r6f1b61hhj5gbdm1dcreae4zf4i4lj2o80xkl64lj4.png"},{"@type":"BreadcrumbList","@id":"https:\/\/formee.es\/index.php\/superficies-de-los-elementos\/#breadcrumb","itemListElement":[{"@type":"ListItem","position":1,"name":"Strona g\u0142\u00f3wna","item":"https:\/\/formee.es\/"},{"@type":"ListItem","position":2,"name":"Forjado tipo filigranaSuperficies de los elementosForjado tipo filigrana"}]},{"@type":"WebSite","@id":"https:\/\/formee.es\/#website","url":"https:\/\/formee.es\/","name":"Formee","description":"","publisher":{"@id":"https:\/\/formee.es\/#organization"},"potentialAction":[{"@type":"SearchAction","target":{"@type":"EntryPoint","urlTemplate":"https:\/\/formee.es\/?s={search_term_string}"},"query-input":{"@type":"PropertyValueSpecification","valueRequired":true,"valueName":"search_term_string"}}],"inLanguage":"pl-PL"},{"@type":"Organization","@id":"https:\/\/formee.es\/#organization","name":"Formee","url":"https:\/\/formee.es\/","logo":{"@type":"ImageObject","inLanguage":"pl-PL","@id":"https:\/\/formee.es\/#\/schema\/logo\/image\/","url":"https:\/\/formee.es\/wp-content\/uploads\/2025\/05\/FORMEE_LOGOTYPE_RGB_FORMEE_signet.png","contentUrl":"https:\/\/formee.es\/wp-content\/uploads\/2025\/05\/FORMEE_LOGOTYPE_RGB_FORMEE_signet.png","width":1178,"height":1156,"caption":"Formee"},"image":{"@id":"https:\/\/formee.es\/#\/schema\/logo\/image\/"}}]}},"_links":{"self":[{"href":"https:\/\/formee.es\/index.php\/wp-json\/wp\/v2\/pages\/8275","targetHints":{"allow":["GET"]}}],"collection":[{"href":"https:\/\/formee.es\/index.php\/wp-json\/wp\/v2\/pages"}],"about":[{"href":"https:\/\/formee.es\/index.php\/wp-json\/wp\/v2\/types\/page"}],"author":[{"embeddable":true,"href":"https:\/\/formee.es\/index.php\/wp-json\/wp\/v2\/users\/1"}],"replies":[{"embeddable":true,"href":"https:\/\/formee.es\/index.php\/wp-json\/wp\/v2\/comments?post=8275"}],"version-history":[{"count":12,"href":"https:\/\/formee.es\/index.php\/wp-json\/wp\/v2\/pages\/8275\/revisions"}],"predecessor-version":[{"id":8410,"href":"https:\/\/formee.es\/index.php\/wp-json\/wp\/v2\/pages\/8275\/revisions\/8410"}],"wp:attachment":[{"href":"https:\/\/formee.es\/index.php\/wp-json\/wp\/v2\/media?parent=8275"}],"curies":[{"name":"wp","href":"https:\/\/api.w.org\/{rel}","templated":true}]}}